{"id":12815,"date":"2024-01-16T08:21:59","date_gmt":"2024-01-16T13:21:59","guid":{"rendered":"http:\/\/www.maitrecompacteur.ca\/?page_id=12815"},"modified":"2024-12-18T10:33:01","modified_gmt":"2024-12-18T15:33:01","slug":"maitre-compacteur-inc","status":"publish","type":"page","link":"https:\/\/www.maitrecompacteur.ca\/?page_id=12815","title":{"rendered":"Notre histoire"},"content":{"rendered":"<div class=\"wpb-content-wrapper\"><p>[vc_row row_type=\u00a0\u00bbrow\u00a0\u00bb use_row_as_full_screen_section=\u00a0\u00bbno\u00a0\u00bb type=\u00a0\u00bbfull_width\u00a0\u00bb oblique_section=\u00a0\u00bbno\u00a0\u00bb text_align=\u00a0\u00bbleft\u00a0\u00bb Overflow=\u00a0\u00bb\u00a0\u00bb triangle_shape=\u00a0\u00bbno\u00a0\u00bb side_padding=\u00a0\u00bb10%\u00a0\u00bb padding_top=\u00a0\u00bb30&Prime; padding_bottom=\u00a0\u00bb20&Prime; css_animation=\u00a0\u00bbelement_from_left\u00a0\u00bb overflow=\u00a0\u00bb\u00a0\u00bb box_shadow_on_row=\u00a0\u00bbno\u00a0\u00bb][vc_column width=\u00a0\u00bb5\/5&Prime;][vc_column_text css=\u00a0\u00bb\u00a0\u00bb]<\/p>\n<h2 style=\"text-align: left;\">LOCATION DE COMPACTEUR<\/h2>\n<p>[\/vc_column_text][vc_column_text css=\u00a0\u00bb\u00a0\u00bb]<\/p>\n<div class=\"wpb_column vc_column_container vc_col-sm-12\">\n<div class=\"vc_column-inner\">\n<div class=\"wpb_wrapper\">\n<div class=\"wpb_text_column wpb_content_element vc_custom_1678982415867\">\n<div class=\"wpb_wrapper\">\n<div class=\"elementor-element elementor-element-9127efb elementor-widget elementor-widget-elementskit-heading animated fadeIn\" data-id=\"9127efb\" data-element_type=\"widget\" data-settings=\"{&quot;_animation&quot;:&quot;fadeIn&quot;}\" data-widget_type=\"elementskit-heading.default\">\n<div class=\"elementor-widget-container\">\n<div class=\"ekit-wid-con\">\n<div class=\"ekit-heading elementskit-section-title-wraper text_left ekit_heading_tablet- ekit_heading_mobile-\">\n<p style=\"text-align: left;\">Nous fournissons les \u00e9quipements les plus efficaces pour le traitement de vos d\u00e9chets industriels et recyclables, sans d\u00e9lais inutiles. Avec un stock pr\u00eat \u00e0 l\u2019emploi, nous assurons une livraison, une installation et une mise en service acc\u00e9l\u00e9r\u00e9es, vous permettant ainsi de b\u00e9n\u00e9ficier d\u2019une gestion des d\u00e9chets optimis\u00e9e sans attendre.<\/p>\n<p>&nbsp;<\/p>\n<p style=\"text-align: left;\">Notre \u00e9quipe d\u2019experts vous accompagne \u00e0 chaque \u00e9tape, garantissant un choix adapt\u00e9 \u00e0 vos exigences et contribuant \u00e0 l\u2019efficacit\u00e9 de vos op\u00e9rations tout en favorisant l\u2019\u00e9conomie et la protection de l\u2019environnement.<\/p>\n<p>&nbsp;<\/p>\n<p style=\"text-align: left;\">Choisissez <strong>Ma\u00eetre Compacteur<\/strong> pour un service complet, rapide et adapt\u00e9, et engagez-vous dans une d\u00e9marche \u00e9co-responsable avec un partenaire de confiance pour la gestion de vos d\u00e9chets industriels et commerciaux.<\/p>\n<\/div>\n<\/div>\n<\/div>\n<\/div>\n<\/div>\n<\/div>\n<\/div>\n<\/div>\n<\/div>\n<p>[\/vc_column_text][\/vc_column][vc_column css_animation=\u00a0\u00bbbounceInUp\u00a0\u00bb css=\u00a0\u00bb.vc_custom_1730998079695{padding-top: 20px !important;padding-bottom: 10px !important;}\u00a0\u00bb][vc_column_text css=\u00a0\u00bb\u00a0\u00bb]<\/p>\n<div class=\"flex-1 overflow-hidden\">\n<div class=\"h-full\">\n<div class=\"react-scroll-to-bottom--css-wtmfk-79elbk h-full\">\n<div class=\"react-scroll-to-bottom--css-wtmfk-1n7m0yu\">\n<div class=\"flex flex-col text-sm md:pb-9\">\n<article class=\"w-full text-token-text-primary focus-visible:outline-2 focus-visible:outline-offset-[-4px]\" dir=\"auto\" data-testid=\"conversation-turn-5\" data-scroll-anchor=\"true\">\n<div class=\"m-auto text-base py-[18px] px-3 md:px-4 w-full md:px-5 lg:px-4 xl:px-5\">\n<div class=\"mx-auto flex flex-1 gap-4 text-base md:gap-5 lg:gap-6 md:max-w-3xl lg:max-w-[40rem] xl:max-w-[48rem]\">\n<div class=\"group\/conversation-turn relative flex w-full min-w-0 flex-col agent-turn\">\n<div class=\"flex-col gap-1 md:gap-3\">\n<div class=\"flex max-w-full flex-col flex-grow\">\n<div class=\"min-h-8 text-message flex w-full flex-col items-end gap-2 whitespace-normal break-words [.text-message+&amp;]:mt-5\" dir=\"auto\" data-message-author-role=\"assistant\" data-message-id=\"06274312-f1d3-4e44-904f-53f328818a0d\" data-message-model-slug=\"gpt-4o\">\n<div class=\"flex w-full flex-col gap-1 empty:hidden first:pt-[3px]\">\n<div class=\"markdown prose w-full break-words dark:prose-invert dark\">\n<h3><span style=\"color: #00628b;\"><a style=\"color: #00628b;\" href=\"https:\/\/outlook.office.com\/bookwithme\/user\/ad7283dde2024540a59b6affc1872929%40maitrecompacteur.ca?anonymous&amp;isanonymous=true\" target=\"_blank\" rel=\"noopener\">Consultations personnalis\u00e9es pour la gestion de vos d\u00e9chets.<\/a><\/span><\/h3>\n<\/div>\n<\/div>\n<\/div>\n<\/div>\n<\/div>\n<\/div>\n<\/div>\n<\/div>\n<\/article>\n<\/div>\n<\/div>\n<\/div>\n<\/div>\n<\/div>\n<p>[\/vc_column_text][\/vc_column][\/vc_row][vc_row row_type=\u00a0\u00bbrow\u00a0\u00bb use_row_as_full_screen_section=\u00a0\u00bbno\u00a0\u00bb type=\u00a0\u00bbfull_width\u00a0\u00bb anchor=\u00a0\u00bbhistoire\u00a0\u00bb oblique_section=\u00a0\u00bbno\u00a0\u00bb text_align=\u00a0\u00bbleft\u00a0\u00bb Overflow=\u00a0\u00bb\u00a0\u00bb triangle_shape=\u00a0\u00bbno\u00a0\u00bb background_color=\u00a0\u00bb#FFFFFF\u00a0\u00bb side_padding=\u00a0\u00bb15%\u00a0\u00bb padding_top=\u00a0\u00bb40&Prime; padding_bottom=\u00a0\u00bb80&Prime; css_animation=\u00a0\u00bb\u00a0\u00bb overflow=\u00a0\u00bb\u00a0\u00bb][vc_column width=\u00a0\u00bb1\/4&Prime;][vc_single_image source=\u00a0\u00bbexternal_link\u00a0\u00bb alignment=\u00a0\u00bbcenter\u00a0\u00bb css=\u00a0\u00bb.vc_custom_1730986555757{padding-top: 100px !important;padding-left: 30px !important;}\u00a0\u00bb mkd_css_animation=\u00a0\u00bbelement_from_right\u00a0\u00bb set_shader=\u00a0\u00bbno\u00a0\u00bb set_popup=\u00a0\u00bbno\u00a0\u00bb animate_image_on_hover=\u00a0\u00bbzoom\u00a0\u00bb custom_src=\u00a0\u00bbhttp:\/\/www.maitrecompacteur.ca\/wp-content\/uploads\/2024\/08\/logo.png\u00a0\u00bb][\/vc_column][vc_column width=\u00a0\u00bb3\/4&Prime; css=\u00a0\u00bb.vc_custom_1730986895065{padding-top: 10px !important;padding-right: 10px !important;padding-bottom: 10px !important;padding-left: 10px !important;border-radius: 10px !important;}\u00a0\u00bb][vc_column_text css=\u00a0\u00bb.vc_custom_1712166185416{padding-left: 10px !important;}\u00a0\u00bb]<\/p>\n<h1>NOTRE HISTOIRE<\/h1>\n<p>[\/vc_column_text][vc_column_text css=\u00a0\u00bb.vc_custom_1730986962942{padding-bottom: 10px !important;}\u00a0\u00bb]Depuis 1990, Ma\u00eetre Compacteur est un leader en conception et fabrication d\u2019\u00e9quipements environnementaux innovants. Notre expertise et notre engagement envers l\u2019innovation nous rendent partenaires de choix pour des acteurs majeurs du domaine des d\u00e9chets, en proposant des solutions \u00e9conomiques et \u00e9cologiques.<\/p>\n<p>Nos \u00e9quipements maximisent productivit\u00e9 et efficacit\u00e9 tout en r\u00e9duisant l&rsquo;impact environnemental, permettant des \u00e9conomies substantielles pour nos clients. Avec neuf unit\u00e9s mobiles dans la r\u00e9gion de Montr\u00e9al, nous offrons un service r\u00e9actif pour l\u2019entretien, la r\u00e9paration et l\u2019installation, garantissant ainsi une proximit\u00e9 et une disponibilit\u00e9 uniques.<\/p>\n<p>Pour un partenariat fiable avec un leader du secteur, faites confiance \u00e0 Ma\u00eetre Compacteur pour une gestion des d\u00e9chets durable et performante.[\/vc_column_text][\/vc_column][\/vc_row]<\/p>\n<\/div>","protected":false},"excerpt":{"rendered":"<p>[vc_row row_type=\u00a0\u00bbrow\u00a0\u00bb use_row_as_full_screen_section=\u00a0\u00bbno\u00a0\u00bb type=\u00a0\u00bbfull_width\u00a0\u00bb oblique_section=\u00a0\u00bbno\u00a0\u00bb text_align=\u00a0\u00bbleft\u00a0\u00bb Overflow=\u00a0\u00bb\u00a0\u00bb triangle_shape=\u00a0\u00bbno\u00a0\u00bb side_padding=\u00a0\u00bb10%\u00a0\u00bb padding_top=\u00a0\u00bb30&Prime; padding_bottom=\u00a0\u00bb20&Prime; css_animation=\u00a0\u00bbelement_from_left\u00a0\u00bb overflow=\u00a0\u00bb\u00a0\u00bb box_shadow_on_row=\u00a0\u00bbno\u00a0\u00bb][vc_column width=\u00a0\u00bb5\/5&Prime;][vc_column_text css=\u00a0\u00bb\u00a0\u00bb] LOCATION DE COMPACTEUR [\/vc_column_text][vc_column_text css=\u00a0\u00bb\u00a0\u00bb] Nous fournissons les \u00e9quipements les plus efficaces pour le traitement de vos d\u00e9chets industriels et recyclables, sans d\u00e9lais inutiles. Avec un stock pr\u00eat \u00e0&#8230;<\/p>\n","protected":false},"author":1,"featured_media":0,"parent":0,"menu_order":0,"comment_status":"closed","ping_status":"closed","template":"full_width.php","meta":{"footnotes":""},"class_list":["post-12815","page","type-page","status-publish","hentry"],"_links":{"self":[{"href":"https:\/\/www.maitrecompacteur.ca\/index.php?rest_route=\/wp\/v2\/pages\/12815","targetHints":{"allow":["GET"]}}],"collection":[{"href":"https:\/\/www.maitrecompacteur.ca\/index.php?rest_route=\/wp\/v2\/pages"}],"about":[{"href":"https:\/\/www.maitrecompacteur.ca\/index.php?rest_route=\/wp\/v2\/types\/page"}],"author":[{"embeddable":true,"href":"https:\/\/www.maitrecompacteur.ca\/index.php?rest_route=\/wp\/v2\/users\/1"}],"replies":[{"embeddable":true,"href":"https:\/\/www.maitrecompacteur.ca\/index.php?rest_route=%2Fwp%2Fv2%2Fcomments&post=12815"}],"version-history":[{"count":352,"href":"https:\/\/www.maitrecompacteur.ca\/index.php?rest_route=\/wp\/v2\/pages\/12815\/revisions"}],"predecessor-version":[{"id":13452,"href":"https:\/\/www.maitrecompacteur.ca\/index.php?rest_route=\/wp\/v2\/pages\/12815\/revisions\/13452"}],"wp:attachment":[{"href":"https:\/\/www.maitrecompacteur.ca\/index.php?rest_route=%2Fwp%2Fv2%2Fmedia&parent=12815"}],"curies":[{"name":"wp","href":"https:\/\/api.w.org\/{rel}","templated":true}]}}

<div class="wpb-content-wrapper"><p>[vc_row row_type= »row » use_row_as_full_screen_section= »no » type= »full_width » oblique_section= »no » text_align= »left » Overflow= » » triangle_shape= »no » side_padding= »10% » padding_top= »30&Prime; padding_bottom= »20&Prime; css_animation= »element_from_left » overflow= » » box_shadow_on_row= »no »][vc_column width= »5/5&Prime;][vc_column_text css= » »]</p>
<h2 style="text-align: left;">LOCATION DE COMPACTEUR</h2>
<p>[/vc_column_text][vc_column_text css= » »]</p>
<div class="wpb_column vc_column_container vc_col-sm-12">
<div class="vc_column-inner">
<div class="wpb_wrapper">
<div class="wpb_text_column wpb_content_element vc_custom_1678982415867">
<div class="wpb_wrapper">
<div class="elementor-element elementor-element-9127efb elementor-widget elementor-widget-elementskit-heading animated fadeIn" data-id="9127efb" data-element_type="widget" data-settings="{&quot;_animation&quot;:&quot;fadeIn&quot;}" data-widget_type="elementskit-heading.default">
<div class="elementor-widget-container">
<div class="ekit-wid-con">
<div class="ekit-heading elementskit-section-title-wraper text_left ekit_heading_tablet- ekit_heading_mobile-">
<p style="text-align: left;">Nous fournissons les équipements les plus efficaces pour le traitement de vos déchets industriels et recyclables, sans délais inutiles. Avec un stock prêt à l’emploi, nous assurons une livraison, une installation et une mise en service accélérées, vous permettant ainsi de bénéficier d’une gestion des déchets optimisée sans attendre.</p>
<p>&nbsp;</p>
<p style="text-align: left;">Notre équipe d’experts vous accompagne à chaque étape, garantissant un choix adapté à vos exigences et contribuant à l’efficacité de vos opérations tout en favorisant l’économie et la protection de l’environnement.</p>
<p>&nbsp;</p>
<p style="text-align: left;">Choisissez <strong>Maître Compacteur</strong> pour un service complet, rapide et adapté, et engagez-vous dans une démarche éco-responsable avec un partenaire de confiance pour la gestion de vos déchets industriels et commerciaux.</p>
</div>
</div>
</div>
</div>
</div>
</div>
</div>
</div>
</div>
<p>[/vc_column_text][/vc_column][vc_column css_animation= »bounceInUp » css= ».vc_custom_1730998079695{padding-top: 20px !important;padding-bottom: 10px !important;} »][vc_column_text css= » »]</p>
<div class="flex-1 overflow-hidden">
<div class="h-full">
<div class="react-scroll-to-bottom--css-wtmfk-79elbk h-full">
<div class="react-scroll-to-bottom--css-wtmfk-1n7m0yu">
<div class="flex flex-col text-sm md:pb-9">
<article class="w-full text-token-text-primary focus-visible:outline-2 focus-visible:outline-offset-[-4px]" dir="auto" data-testid="conversation-turn-5" data-scroll-anchor="true">
<div class="m-auto text-base py-[18px] px-3 md:px-4 w-full md:px-5 lg:px-4 xl:px-5">
<div class="mx-auto flex flex-1 gap-4 text-base md:gap-5 lg:gap-6 md:max-w-3xl lg:max-w-[40rem] xl:max-w-[48rem]">
<div class="group/conversation-turn relative flex w-full min-w-0 flex-col agent-turn">
<div class="flex-col gap-1 md:gap-3">
<div class="flex max-w-full flex-col flex-grow">
<div class="min-h-8 text-message flex w-full flex-col items-end gap-2 whitespace-normal break-words [.text-message+&amp;]:mt-5" dir="auto" data-message-author-role="assistant" data-message-id="06274312-f1d3-4e44-904f-53f328818a0d" data-message-model-slug="gpt-4o">
<div class="flex w-full flex-col gap-1 empty:hidden first:pt-[3px]">
<div class="markdown prose w-full break-words dark:prose-invert dark">
<h3><span style="color: #00628b;"><a style="color: #00628b;" href="https://outlook.office.com/bookwithme/user/ad7283dde2024540a59b6affc1872929%40maitrecompacteur.ca?anonymous&amp;isanonymous=true" target="_blank" rel="noopener">Consultations personnalisées pour la gestion de vos déchets.</a></span></h3>
</div>
</div>
</div>
</div>
</div>
</div>
</div>
</div>
</article>
</div>
</div>
</div>
</div>
</div>
<p>[/vc_column_text][/vc_column][/vc_row][vc_row row_type= »row » use_row_as_full_screen_section= »no » type= »full_width » anchor= »histoire » oblique_section= »no » text_align= »left » Overflow= » » triangle_shape= »no » background_color= »#FFFFFF » side_padding= »15% » padding_top= »40&Prime; padding_bottom= »80&Prime; css_animation= » » overflow= » »][vc_column width= »1/4&Prime;][vc_single_image source= »external_link » alignment= »center » css= ».vc_custom_1730986555757{padding-top: 100px !important;padding-left: 30px !important;} » mkd_css_animation= »element_from_right » set_shader= »no » set_popup= »no » animate_image_on_hover= »zoom » custom_src= »http://www.maitrecompacteur.ca/wp-content/uploads/2024/08/logo.png »][/vc_column][vc_column width= »3/4&Prime; css= ».vc_custom_1730986895065{padding-top: 10px !important;padding-right: 10px !important;padding-bottom: 10px !important;padding-left: 10px !important;border-radius: 10px !important;} »][vc_column_text css= ».vc_custom_1712166185416{padding-left: 10px !important;} »]</p>
<h1>NOTRE HISTOIRE</h1>
<p>[/vc_column_text][vc_column_text css= ».vc_custom_1730986962942{padding-bottom: 10px !important;} »]Depuis 1990, Maître Compacteur est un leader en conception et fabrication d’équipements environnementaux innovants. Notre expertise et notre engagement envers l’innovation nous rendent partenaires de choix pour des acteurs majeurs du domaine des déchets, en proposant des solutions économiques et écologiques.</p>
<p>Nos équipements maximisent productivité et efficacité tout en réduisant l&rsquo;impact environnemental, permettant des économies substantielles pour nos clients. Avec neuf unités mobiles dans la région de Montréal, nous offrons un service réactif pour l’entretien, la réparation et l’installation, garantissant ainsi une proximité et une disponibilité uniques.</p>
<p>Pour un partenariat fiable avec un leader du secteur, faites confiance à Maître Compacteur pour une gestion des déchets durable et performante.[/vc_column_text][/vc_column][/vc_row]</p>
</div>

<p>[vc_row row_type= »row » use_row_as_full_screen_section= »no » type= »full_width » oblique_section= »no » text_align= »left » Overflow= » » triangle_shape= »no » side_padding= »10% » padding_top= »30&Prime; padding_bottom= »20&Prime; css_animation= »element_from_left » overflow= » » box_shadow_on_row= »no »][vc_column width= »5/5&Prime;][vc_column_text css= » »] LOCATION DE COMPACTEUR [/vc_column_text][vc_column_text css= » »] Nous fournissons les équipements les plus efficaces pour le traitement de vos déchets industriels et recyclables, sans délais inutiles. Avec un stock prêt à&#8230;</p>
